)) - (23 - -1).
-24
Evaluate -173 - -185 - (1 - (-8 + 9 - 33)).
-21
Evaluate (21 - 34) + (-13 - (73 + -7)).
-92
Evaluate -88 + (113 - (76 - -35)).
-86
Evaluate -17 + (45 - 28) + (-7 + 1 - 1).
-7
Evaluate (5 - 14) + 4 + -19 + 13 + 0 - -34.
23
Calculate (-9 - -5 - (-2 - (-3 + -2))) + -22.
-29
-1 + 2 + 1 + -1 + (-37 - 2 - -27)
-11
Evaluate -141 - -149 - (1 - (-4 + -1 + 19)).
21
-5 + 9 - (-7 - -9 - -1) - (-50 + 44)
7
What is the value of 40 + -62 + (-56 - 7) + 17?
-68
What is (-95 - -36) + 56 - -69?
66
(-4 - -29) + -3 - (-818 + 823)
17
Calculate 3 + 1 + (-81 - (33 + -6 + -10 - 38)).
-56
Evaluate -72 - (-128 - -67) - (2 - -1).
-14
Calculate 39 + 8 - 59 - (68 + 2 + -1 + 0).
-81
Evaluate 127 + (7 - 9) + (-11 - -12) + -9 + 16.
133
What is the value of 18 - (25 + 7 + -24 + 52)?
-42
Evaluate -391 - -424 - (-129 + 15).
147
What is 0 - 12 - -16 - (-5 - -11)?
-2
(4 - 15 - -17 - -3 - 8) + 2 + 63
66
What is the value of -2 + 48 - (-89 + 154)?
-19
Evaluate (-5 - (-3 - -3)) + (-117 - -119) - -42.
39
What is the value of 18 - -1 - (-1 + -42 - (1973 + -1920))?
115
Calculate -1 - (219 - 228 - (-16 - 1)) - 16.
-25
Calculate -97 + 94 - ((5 - 60) + 10 + -5).
47
What is -27 - (-26 + 106 + -13)?
-94
Evaluate (21 + (-8 - 1) - (-5 - -10)) + 11.
18
What is 88 + (41 - 122) - -13?
20
What is -18 + -6 + (-1 - -3) + (-25 - (18 + -32))?
-33
What is the value of (71 + -93 - -67) + 28?
73
Evaluate 11 + -112 + 37 + (-27 - 5).
-96
Calculate (-2507 - -2499) + 41 + 1 + 1.
35
Calculate 32 - -1 - (-1940 + 1981).
-8
What is the value of 11 - (10 + 3 - (18 - 7 - 30))?
-21
1 + 0 + -3 + 65 + -66 + -2 + 32
27
-51 + (-22 - -17) + -16 + 34
-38
Calculate 2 - -19 - ((-14 - 11) + 0).
46
What is the value of (24 - 25 - (-4 + 6 + -69)) + -12 + 2?
56
Evaluate (6 - 5) + 3 + (-10 - -2 - (55 - 64)).
5
What is (-18 + 17 - (-25 - -21)) + (-2 + 0 - -3)?
4
Evaluate (-200 - (19 + -237)) + (-92 - -1).
-73
What is the value of (-45 - -54) + (-13 - -2) + -20?
-22
28 + 15 - 11 - (-7 + (13 - 14))
40
What is -64 - (-25 - ((-33 - -16) + 20) - -15)?
-51
What is the value of (2 - -9) + (-12 - (21 + -6 - 25))?
9
What is the value of -22 - 3 - -28 - 19?
-16
Evaluate -103 + (144 - -124) + -222.
-57
(-258 - -209) + (4 - -94)
49
What is the value of (-26 - (-41 - 12)) + -26 - 55?
-54
Evaluate -35 - 0 - (-111 + -214 - -353).
-63
Calculate 0 - -18 - (3088 - 3081).
11
Calculate -8 + 93 + (21 + -44 + 0 - -15).
77
(6 - 25 - 26) + (0 - (1 + -4))
-42
What is -27 - ((3 - (0 + 27)) + 7)?
-10
2 + 11 + (1 - -5) + 12 + 12 + -23
20
What is -71 - (28 + -49 - 10)?
-40
What is -60 - (-26 + (45 - (45 + -29)))?
-63
1 + -47 - (3706 + -3689)
-63
What is the value of -17 + (34 + 47 - 50)?
14
-1 - (-31 + -2) - (-56 - (-105 + 40))
23
Evaluate 1 + -7 - (7153 - 7125 - (-1 - -16 - 1)).
-20
Calculate -111 + 82 + (41 - (4 + -21)).
29
(-96 - -56) + (60 - 7)
13
14 + -5 + 1 + 46 + -91 + 30
-5
Evaluate (25 - 30 - (-28 + 1)) + -13 + 4 + -3.
10
Evaluate (-21 + 50 - -14) + (-1 - -41).
83
(-33 - (6 + 3)) + (-38 - -31 - -11)
-38
What is the value of -30 - (-26 + 39 - (12 + -21))?
-52
6 + -17 + (20 - 42) + 3
-30
Calculate -7 + 11 - -39 - (12 + (-6 - 9)).
46
-65 + 35 - (5 - (23 + (1 - 6) + -1))
-18
(51 - 14) + 75 + -113
-1
What is -18 - (2 - ((-18 - -6) + -38) - -13)?
-83
-38 - (-86 - -36) - -9
21
Evaluate 61 + -13 - (-1 - -93).
-44
What is the value of -16 + 19 + (-2 - -8) + 4 + (-6 - -1)?
8
What is (-114 - -2) + (-25 - -2) + -68 + 82?
-121
What is 6 + -58 + 13 - (11 - (-7 + 17 - 4))?
-44
What is -6 - 0 - (-58 + 34 + -6)?
24
What is the value of (45 - 10) + -41 - (-6 + 3 + -70)?
67
Evaluate 0 + 0 + (-68 - -57) - (-132 + 83).
38
Evaluate (-2 - -6) + -51 + -6 + 6 + 4.
-43
What is ((-48 - -39) + 22 - 1) + (-85 - 0)?
-73
Calculate -76 - (989 - 984 - (-2 + -1 + 22)).
-62
Calculate -27 + 41 + -86 - -7.
-65
What is the value of 2 - (3 + 0) - -3 - 5 - (-23 + -20)?
40
What is the value of 5 - (-13 - (-10 - (-4 + 9 + -34)) - -3)?
34
Calculate 3 + (12 + -44 - -18).
-11
What is the value of -14 + -47 - (-1 - (9 - 2))?
-53
-16 - (-13 + 5) - (11 + 6 + -129)
104
What is (2660 - 2731) + 2 + -57 - (-2 - -17)?
-141
Calculate (-15 - (3 + (-3 - 0))) + (-1896 - -1886).
-25
Evaluate (23 - (3 - -8) - 11) + -18 - -87.
70
Evaluate 27 + (-34 - (-53 + 33)).
13
What is the value of 6 - -1 - (-15 - (-31 - -103 - 19))?
75
(-44 - -9) + 41 + (-8 - (2 + -44))
40
What is the value of (43 - 11 - 57) + -8?
-33
-2 + (-10 - -3) + (31 + -27 - (1 + -9))
3
Calculate (-10 - (-5 - (4 - 2))) + (-9 - 18).
-30
Evaluate (-2 - 40 - -33) + (-4 - -8) + 7.
2
Evaluate -1 - -2 - (-5 + 1 + 10 + 31 - 8).
-28
What is -16 - (-31 - (-17 - -2) - 14) - -11?
25
Evaluate 9 + (65 - (-14 - -31)).
57
Calculate -280 + 267 - (3 + 3 + -2 + 12).
-29
What is 31 + (-103 - -34) + -13 + 45?
-6
What is 28 + -30 - (-17 - -59) - -14?
-30
-33 - ((-14 - -11) + 9 + -11 + (-2 - -2))
-28
What is the value of -68 - -3 - (5 + -23 + -3)?
-44
Calculate 3 + 0 + 5 - (13 - (-16 - -44)).
23
Evaluate (0 - 13) + -770 + 804 - (-9 + 3).
27
-12 - (-39 + 10) - (-127 + 11)
133
Evaluate -14 - (-18 + 16 + -7) - ((-2 - 65) + 5).
57
Calculate (-277 - -115) + 3 + 112.
-47
Evaluate 0 - (26 - -3 - 67).
38
Evaluate (-119 - (3 + 1 + 0)) + (-13 - -15).
-121
Evaluate 64 + 106 + (-14 - 70).
86
Evaluate -61 + (-24 + 37 - -12).
-36
Evaluate 5 - ((19 - 19 - -17) + -20).
8
Calculate -45 + 16 - -91 - 15.
47
Calculate (-16 - 2) + (6 - (1 - -23)) + 13.
-23
What is 9 - (-34 - 41) - (-1 - ((-1 - -1) + 2))?
87
43 + -14 + (758 - 884)
-97
What is the value of -4 - (-2 - -31) - ((12 - (-11 - -25)) + 1)?
-32
-12 + -11 + 65 + 2 + 9
53
What is the value of -21 + (-41 - (-87 + 31))?
-6
(-7 - -20) + -1 + 1 + -39
-26
What is the value of (-423 - -432) + -48 + -5?
-44
What is the value of (26 - 26) + (2 - (8 - 5)) + (2 - 5)?
-4
What is -75 - (83 - 176 - 33)?
51
What is the value of 13 - (-19 + 2 + (9 - 3) + -12 + 20)?
16
What is the value of 62 + -25 + -19 + 3 + (-96 - 2)?
-77
Evaluate 8 - (44 + -45 + (8 + 25 - -1)).
-25
Calculate -2 - (19 - (-12 - -51)).
18
Calculate 31 - 2 - ((-23 - -10 - -26) + -8).
24
What is the value of -26 + -40 + -3 + 15?
-54
Evaluate (-30 - (-22 - -5)) + -25 + (-4 - -1).
-41
Evaluate -76 + (70 - 52) - -51.
-7
What is -167 - (-72 - -144) - -138?
-101
What is -2 + (18 - (-9 - (4 - 24 - 0))) + -21?
-16
What is the value of 60 + (9 - (-8 + (-3 - (14 - 24))))?
70
What is the value of -25 + -4 - (2 + 6 - (22 + -2))?
-17
What is the value of 33 + 25 + -10 + -26 - (2 - (1 + -5))?
16
Calculate (-76 - (-7 - (1 + -5))) + (-1 - -13) + -5.
-66
Evaluate 29 + 10 - (-184 - -243).
-20
Evaluate 5 + -77 + (12 - (-14 - -15)) + -6.
-67
(-36 - 7) + 48 - (-2 + (-1 - 6))
14
Calculate 24 + -123 - (-277 + 150).
28
-50 + 4 + (-13 - -5) + -17 + 31
-40
Evaluate (-1 - 0) + -286 + 126 + 61 - (1 + 13).
-114
-32 + (-49 - (1 - 95))
13
(3 - 0) + 124 + -62 + -17
48
Evaluate 1061 + -1017 + (-39 - 2) - 59.
-56
What is 70 - (80 + -52 + -41)?
83
What is -39 - ((15 - (7 - -15)) + -1 + (-8 - -2))?
-25
Calculate -1091 - -1029 - (-10 - 0).
-52
What is -18 + -1 - ((-67 - (-39 + -21)) + -81)?
69
Evaluate (60 + -44 - 18) + -73.
-75
3 + 1 - (-14 - (-35 - -15)) - -67
65
What is -23 + -216 + 216 + -17 + -1?
-41
What is (-20 - (25 - (14 + (-4 - -54)))) + (-2 - -6)?
23
-21 + 5 - -1 - (-33 + (-12 - -22))
8
Calculate (24 - -107) + -109 + (-5 - (-2 + 3)).
16
Evaluate 34 + (9 + 6 - -1 - 10) + -29 + 10.
21
1 - -3 - (-25 + (10 - -69))
-50
(-24 - (4 + -56)) + -13 + 5
20
What is (310 - 38) + -227 - (-1 - (15 + 1))?
62
Calculate -10 + -45 + -16 + 33.
-38
Evaluate -7 - (-279 + 303 + (-42 - 0)).
11
What is the value of (1 - -17) + (30 - -28 - 73)?
3
Calculate -7 + 27 + -18 + 13 + 34.
49
Evaluate (-7 - -1) + (-399 + 388 - (2 - 1)).
-18
What is -36 + 71 - (118 + (-12 - 5))?
-66
Evaluate 42 + -17 + -37 + -30.
-42
What is the value of (2 + 8 - (-11 + 44 + -55)) + 17?
49
Calculate 53 + (-48 - 18) - (-3 - (6 + -3 - -38)).
31
Evaluate -42 - (30 - 62 - 51).
41
What is the value of -14 + -1 - (-12 + 3 + 16)?
-22
What is 0 + (-21 - 1) - (43 - 113)?
48
Evaluate 7 + -2 - (-108 - -68 - -36).
9
Calculate 18 + -18 + (-63 - -21).
-42
1 + (2 - (0 + 0)) + (112 - 79) + -73
-37
38 + -100 + -86 + (43 - 6)
-111
Evaluate -3 + (9 - 26) + -3 + 19.
-4
What is the value of -12 + (-39 - (-40 - 7)) - -54?
50
What is -6 + (5 - -3) - (559 - 5